{"id":95,"date":"2020-05-09T08:56:27","date_gmt":"2020-05-09T06:56:27","guid":{"rendered":"https:\/\/albuin.at\/?page_id=95"},"modified":"2025-06-18T13:51:08","modified_gmt":"2025-06-18T11:51:08","slug":"anreise","status":"publish","type":"page","link":"https:\/\/albuin.at\/de\/anreise\/","title":{"rendered":"Anreise zum Haus Albuin"},"content":{"rendered":"<div id='av_section_1'  class='avia-section av-22egv-cbc40616c61662a9d31ab5d210f6054e main_color avia-section-default avia-no-border-styling  avia-builder-el-0  avia-builder-el-no-sibling  avia-bg-style-scroll container_wrap fullsize'  ><div class='container av-section-cont-open' ><main  role=\"main\" itemprop=\"mainContentOfPage\"  class='template-page content  av-content-full alpha units'><div class='post-entry post-entry-type-page post-entry-95'><div class='entry-content-wrapper clearfix'>\n\n<style type=\"text\/css\" data-created_by=\"avia_inline_auto\" id=\"style-css-av-1h6i3-92c45d4f40a069769435c761d97bc865\">\n.flex_column.av-1h6i3-92c45d4f40a069769435c761d97bc865{\nborder-radius:0px 0px 0px 0px;\npadding:0px 0px 0px 0px;\n}\n<\/style>\n<div  class='flex_column av-1h6i3-92c45d4f40a069769435c761d97bc865 av_one_full  avia-builder-el-1  el_before_av_hr  avia-builder-el-first  first flex_column_div av-zero-column-padding  '     ><section  class='av_textblock_section av-katobf2t-cdf40fc5b87a609d21f87df388a13e42 '   itemscope=\"itemscope\" itemtype=\"https:\/\/schema.org\/CreativeWork\" ><div class='avia_textblock'  itemprop=\"text\" ><h4>Haus Albuin ist Sommer wie Winter einfach zu erreichen!<\/h4>\n<\/div><\/section><br \/>\n\n<style type=\"text\/css\" data-created_by=\"avia_inline_auto\" id=\"style-css-av-zej7-e3c18c5be3706961337a1f3f9b4ab135\">\n#top .hr.hr-invisible.av-zej7-e3c18c5be3706961337a1f3f9b4ab135{\nheight:40px;\n}\n<\/style>\n<div  class='hr av-zej7-e3c18c5be3706961337a1f3f9b4ab135 hr-invisible  avia-builder-el-3  el_after_av_textblock  el_before_av_textblock '><span class='hr-inner '><span class=\"hr-inner-style\"><\/span><\/span><\/div><br \/>\n<section  class='av_textblock_section av-kacitsvl-b4b19698f823669f90274bd9b45ff104 '   itemscope=\"itemscope\" itemtype=\"https:\/\/schema.org\/CreativeWork\" ><div class='avia_textblock'  itemprop=\"text\" ><h4><\/h4>\n<h5><strong>Mit den \u00f6ffentlichen Verkehrsmitteln:<\/strong><\/h5>\n<p>Passende Verbindungen von Ihrem Heimatort k\u00f6nnen Sie am besten im Routenplaner Ihres Landes finden. In \u00d6sterreich sind die Fahrpl\u00e4ne und Tickets auf der Seite der <strong><a href=\"http:\/\/www.oebb.at\/de\/\" target=\"_blank\" rel=\"noopener\">\u00d6BB<\/a> <\/strong>verf\u00fcgbar. Es gibt viele Internationale Direktverbindungen bis Bludenz. Das Montafon verf\u00fcgt \u00fcber ein gut ausgebautes\u00a0<strong>Busnetz<\/strong>. Fahrpl\u00e4ne und Tickets sind zu finden auf <a href=\"https:\/\/www.vmobil.at\/\" target=\"_blank\" rel=\"noopener\">vmobil.at<\/a>\u00a0oder in der\u00a0<a href=\"http:\/\/https\/\/www.vmobil.at\/bus-bahn\/clevvver-mobil-fahrplan-app\" target=\"_blank\" rel=\"noopener\">cleVVVer mobil Fahrplan-App<\/a>. Fr\u00fch morgens und sp\u00e4t abends bieten zus\u00e4tzlich verschiedene Taxiunternehmen ihre Dienste an. Abends steht au\u00dferdem das Anruf-Sammeltaxi \u201c<a href=\"https:\/\/www.montafon.at\/en\/service\/montafon-A-Z\/Anruf-Sammeltaxi-go-ko_i_26213\" target=\"_blank\" rel=\"noopener\">go&#038;ko<\/a>\u201d zur Verf\u00fcgung.<\/p>\n<p>Von \u00d6sterreich oder Deutschland aus, gibt es die M\u00f6glichkeit \u00fcber den Gep\u00e4cktransportservice der \u00d6BB das Gep\u00e4ck direkt zu uns bringen zu lassen.<\/p>\n<h5><strong>Mit dem Auto:\u00a0<\/strong><\/h5>\n<p>Autobahn A14 &#8211; Abfahrt Bludenz\/Montafon &#8211; L 188 Montafoner Stra\u00dfe (Silvrettastra\u00dfe). Silvrettastra\u00dfe \u2013 nach 20 km in Sankt Gallenkirch bei der Kirche links, den Ziggamweg hochfahren, rechts anhalten und nach ungef\u00e4hr 250 meter sind Sie da!<\/p>\n<h5><em>Achtung Autobahnmaut:\u00a0<\/em><\/h5>\n<p>Vignettenpflicht (Maut) gilt auf allen \u00f6sterreichischen Autobahnen und Schnellstra\u00dfen. Detailinformationen erh\u00e4ltst Du auf asfinag.at und der kostenlosen Hotline: +43 800 40012400. Verkaufsstellen: Zoll, Automobilclubs (\u00d6AMTC, ARB\u00d6), Mautstellen, Tankstellen, Wechselstuben und Trafiken.<\/p>\n<h5><strong>Mit dem Flugzeug:<\/strong><\/h5>\n<p><a href=\"http:\/\/www.bodensee-airport.eu\/\" target=\"_blank\" rel=\"noopener noreferrer\">Flughafen Friedrichshafen<\/a>\u00a0(100 km &#8211; ca. 1 Stunde)<br \/>\n<a href=\"http:\/\/www.peoples.ch\/de\" target=\"_blank\" rel=\"noopener noreferrer\">Flughafen Altenrhein<\/a>\u00a0(75 km &#8211; ca. 1 Stunde)<br \/>\n<a href=\"https:\/\/www.innsbruck-airport.com\/de\" target=\"_blank\" rel=\"noopener noreferrer\">Flughafen Innsbruck\u00a0<\/a>(140 km &#8211; ca. 1,5 Stunden)<br \/>\n<a href=\"https:\/\/www.allgaeu-airport.de\/\" target=\"_blank\" rel=\"noopener noreferrer\">Flughafen Memmingen<\/a>\u00a0(140 km &#8211; ca. 1,5 Stunden)<br \/>\n<a href=\"https:\/\/www.flughafen-zuerich.ch\/\" target=\"_blank\" rel=\"noopener noreferrer\">Flughafen Z\u00fcrich-Kloten<\/a>\u00a0(170 km &#8211; ca. 2 Stunden)<br \/>\n<a href=\"https:\/\/www.munich-airport.de\/\" target=\"_blank\" rel=\"noopener noreferrer\">Flughafen M\u00fcnchen<\/a>\u00a0(290 km &#8211; ca. 2,5 Stunden)<br \/>\nvon dort per Bahn, mit dem Pkw oder mit dem Taxi weiter Richtung Montafon.<br \/>\nFlughafentransfer von jedem Flughafen in der Umgebung.<\/p>\n<h4><\/h4>\n<h4><\/h4>\n<h4>F\u00fcr weitere Fragen stehen wir gerne zur Verf\u00fcgung!<\/h4>\n<\/div><\/section><\/p><\/div>\n<style type=\"text\/css\" data-created_by=\"avia_inline_auto\" id=\"style-css-av-zej7-1-72e689feebc52e0171148082aef599a1\">\n#top .hr.hr-invisible.av-zej7-1-72e689feebc52e0171148082aef599a1{\nheight:40px;\n}\n<\/style>\n<div  class='hr av-zej7-1-72e689feebc52e0171148082aef599a1 hr-invisible  avia-builder-el-5  el_after_av_one_full  el_before_av_sidebar '><span class='hr-inner '><span class=\"hr-inner-style\"><\/span><\/span><\/div>\n\n\n","protected":false},"excerpt":{"rendered":"","protected":false},"author":1,"featured_media":0,"parent":0,"menu_order":0,"comment_status":"closed","ping_status":"closed","template":"","meta":{"footnotes":""},"class_list":["post-95","page","type-page","status-publish","hentry"],"_links":{"self":[{"href":"https:\/\/albuin.at\/de\/wp-json\/wp\/v2\/pages\/95","targetHints":{"allow":["GET"]}}],"collection":[{"href":"https:\/\/albuin.at\/de\/wp-json\/wp\/v2\/pages"}],"about":[{"href":"https:\/\/albuin.at\/de\/wp-json\/wp\/v2\/types\/page"}],"author":[{"embeddable":true,"href":"https:\/\/albuin.at\/de\/wp-json\/wp\/v2\/users\/1"}],"replies":[{"embeddable":true,"href":"https:\/\/albuin.at\/de\/wp-json\/wp\/v2\/comments?post=95"}],"version-history":[{"count":2,"href":"https:\/\/albuin.at\/de\/wp-json\/wp\/v2\/pages\/95\/revisions"}],"predecessor-version":[{"id":2513,"href":"https:\/\/albuin.at\/de\/wp-json\/wp\/v2\/pages\/95\/revisions\/2513"}],"wp:attachment":[{"href":"https:\/\/albuin.at\/de\/wp-json\/wp\/v2\/media?parent=95"}],"curies":[{"name":"wp","href":"https:\/\/api.w.org\/{rel}","templated":true}]}}

<div id='av_section_1'  class='avia-section av-22egv-cbc40616c61662a9d31ab5d210f6054e main_color avia-section-default avia-no-border-styling  avia-builder-el-0  avia-builder-el-no-sibling  avia-bg-style-scroll container_wrap fullsize'  ><div class='container av-section-cont-open' ><main  role="main" itemprop="mainContentOfPage"  class='template-page content  av-content-full alpha units'><div class='post-entry post-entry-type-page post-entry-95'><div class='entry-content-wrapper clearfix'>

<style type="text/css" data-created_by="avia_inline_auto" id="style-css-av-1h6i3-92c45d4f40a069769435c761d97bc865">
.flex_column.av-1h6i3-92c45d4f40a069769435c761d97bc865{
border-radius:0px 0px 0px 0px;
padding:0px 0px 0px 0px;
}
</style>
<div  class='flex_column av-1h6i3-92c45d4f40a069769435c761d97bc865 av_one_full  avia-builder-el-1  el_before_av_hr  avia-builder-el-first  first flex_column_div av-zero-column-padding  '     ><section  class='av_textblock_section av-katobf2t-cdf40fc5b87a609d21f87df388a13e42 '   itemscope="itemscope" itemtype="https://schema.org/CreativeWork" ><div class='avia_textblock'  itemprop="text" ><h4>Haus Albuin ist Sommer wie Winter einfach zu erreichen!</h4>
</div></section><br />

<style type="text/css" data-created_by="avia_inline_auto" id="style-css-av-zej7-e3c18c5be3706961337a1f3f9b4ab135">
#top .hr.hr-invisible.av-zej7-e3c18c5be3706961337a1f3f9b4ab135{
height:40px;
}
</style>
<div  class='hr av-zej7-e3c18c5be3706961337a1f3f9b4ab135 hr-invisible  avia-builder-el-3  el_after_av_textblock  el_before_av_textblock '><span class='hr-inner '><span class="hr-inner-style"></span></span></div><br />
<section  class='av_textblock_section av-kacitsvl-b4b19698f823669f90274bd9b45ff104 '   itemscope="itemscope" itemtype="https://schema.org/CreativeWork" ><div class='avia_textblock'  itemprop="text" ><h4></h4>
<h5><strong>Mit den öffentlichen Verkehrsmitteln:</strong></h5>
<p>Passende Verbindungen von Ihrem Heimatort können Sie am besten im Routenplaner Ihres Landes finden. In Österreich sind die Fahrpläne und Tickets auf der Seite der <strong><a href="http://www.oebb.at/de/" target="_blank" rel="noopener">ÖBB</a> </strong>verfügbar. Es gibt viele Internationale Direktverbindungen bis Bludenz. Das Montafon verfügt über ein gut ausgebautes <strong>Busnetz</strong>. Fahrpläne und Tickets sind zu finden auf <a href="https://www.vmobil.at/" target="_blank" rel="noopener">vmobil.at</a> oder in der <a href="http://https//www.vmobil.at/bus-bahn/clevvver-mobil-fahrplan-app" target="_blank" rel="noopener">cleVVVer mobil Fahrplan-App</a>. Früh morgens und spät abends bieten zusätzlich verschiedene Taxiunternehmen ihre Dienste an. Abends steht außerdem das Anruf-Sammeltaxi “<a href="https://www.montafon.at/en/service/montafon-A-Z/Anruf-Sammeltaxi-go-ko_i_26213" target="_blank" rel="noopener">go&#038;ko</a>” zur Verfügung.</p>
<p>Von Österreich oder Deutschland aus, gibt es die Möglichkeit über den Gepäcktransportservice der ÖBB das Gepäck direkt zu uns bringen zu lassen.</p>
<h5><strong>Mit dem Auto: </strong></h5>
<p>Autobahn A14 &#8211; Abfahrt Bludenz/Montafon &#8211; L 188 Montafoner Straße (Silvrettastraße). Silvrettastraße – nach 20 km in Sankt Gallenkirch bei der Kirche links, den Ziggamweg hochfahren, rechts anhalten und nach ungefähr 250 meter sind Sie da!</p>
<h5><em>Achtung Autobahnmaut: </em></h5>
<p>Vignettenpflicht (Maut) gilt auf allen österreichischen Autobahnen und Schnellstraßen. Detailinformationen erhältst Du auf asfinag.at und der kostenlosen Hotline: +43 800 40012400. Verkaufsstellen: Zoll, Automobilclubs (ÖAMTC, ARBÖ), Mautstellen, Tankstellen, Wechselstuben und Trafiken.</p>
<h5><strong>Mit dem Flugzeug:</strong></h5>
<p><a href="http://www.bodensee-airport.eu/" target="_blank" rel="noopener noreferrer">Flughafen Friedrichshafen</a> (100 km &#8211; ca. 1 Stunde)<br />
<a href="http://www.peoples.ch/de" target="_blank" rel="noopener noreferrer">Flughafen Altenrhein</a> (75 km &#8211; ca. 1 Stunde)<br />
<a href="https://www.innsbruck-airport.com/de" target="_blank" rel="noopener noreferrer">Flughafen Innsbruck </a>(140 km &#8211; ca. 1,5 Stunden)<br />
<a href="https://www.allgaeu-airport.de/" target="_blank" rel="noopener noreferrer">Flughafen Memmingen</a> (140 km &#8211; ca. 1,5 Stunden)<br />
<a href="https://www.flughafen-zuerich.ch/" target="_blank" rel="noopener noreferrer">Flughafen Zürich-Kloten</a> (170 km &#8211; ca. 2 Stunden)<br />
<a href="https://www.munich-airport.de/" target="_blank" rel="noopener noreferrer">Flughafen München</a> (290 km &#8211; ca. 2,5 Stunden)<br />
von dort per Bahn, mit dem Pkw oder mit dem Taxi weiter Richtung Montafon.<br />
Flughafentransfer von jedem Flughafen in der Umgebung.</p>
<h4></h4>
<h4></h4>
<h4>Für weitere Fragen stehen wir gerne zur Verfügung!</h4>
</div></section></p></div>
<style type="text/css" data-created_by="avia_inline_auto" id="style-css-av-zej7-1-72e689feebc52e0171148082aef599a1">
#top .hr.hr-invisible.av-zej7-1-72e689feebc52e0171148082aef599a1{
height:40px;
}
</style>
<div  class='hr av-zej7-1-72e689feebc52e0171148082aef599a1 hr-invisible  avia-builder-el-5  el_after_av_one_full  el_before_av_sidebar '><span class='hr-inner '><span class="hr-inner-style"></span></span></div>
