{"id":70,"date":"2020-05-09T08:43:03","date_gmt":"2020-05-09T06:43:03","guid":{"rendered":"https:\/\/albuin.at\/?page_id=70"},"modified":"2025-07-26T16:58:24","modified_gmt":"2025-07-26T14:58:24","slug":"haus-albuin","status":"publish","type":"page","link":"https:\/\/albuin.at\/de\/","title":{"rendered":"Haus Albuin"},"content":{"rendered":"<div id='full_slider_1'  class='avia-fullwidth-slider main_color avia-shadow   avia-builder-el-0  el_before_av_section  avia-builder-el-first   container_wrap fullsize'  ><div  class='avia-slideshow av-k9zjhqgf-681a55bfb1e78dc5781d0b0686970e9c avia-slideshow-featured av_slideshow_full avia-slide-slider av-slideshow-ui av-control-default av-slideshow-autoplay av-loop-endless av-loop-manual-endless av-default-height-applied   avia-slideshow-1' data-slideshow-options=\"{&quot;animation&quot;:&quot;slide&quot;,&quot;autoplay&quot;:true,&quot;loop_autoplay&quot;:&quot;endless&quot;,&quot;interval&quot;:5,&quot;loop_manual&quot;:&quot;manual-endless&quot;,&quot;autoplay_stopper&quot;:false,&quot;noNavigation&quot;:false,&quot;bg_slider&quot;:false,&quot;keep_padding&quot;:false,&quot;hoverpause&quot;:false,&quot;show_slide_delay&quot;:0}\"  itemprop=\"image\" itemscope=\"itemscope\" itemtype=\"https:\/\/schema.org\/ImageObject\" ><ul class='avia-slideshow-inner ' style='padding-bottom: 43%;'><li  class='avia-slideshow-slide av-k9zjhqgf-681a55bfb1e78dc5781d0b0686970e9c__0  slide-1 slide-odd'><div data-rel='slideshow-1' class='avia-slide-wrap '   ><img decoding=\"async\" fetchpriority=\"high\" class=\"wp-image-2176 avia-img-lazy-loading-not-2176\"  src=\"https:\/\/albuin.at\/wp-content\/uploads\/2025\/05\/IMG_3158-2-1000x430.jpg\" width=\"1000\" height=\"430\" title='Haus Albuin rot' alt='Haus Albuin rot'  itemprop=\"thumbnailUrl\"   \/><\/div><\/li><li  class='avia-slideshow-slide av-k9zjhqgf-681a55bfb1e78dc5781d0b0686970e9c__1  slide-2 slide-even'><div data-rel='slideshow-1' class='avia-slide-wrap '   ><img decoding=\"async\" fetchpriority=\"high\" class=\"wp-image-2736 avia-img-lazy-loading-not-2736\"  src=\"https:\/\/albuin.at\/wp-content\/uploads\/2025\/07\/TIny-1500x430.jpg\" width=\"1500\" height=\"430\" title='TIny' alt=''  itemprop=\"thumbnailUrl\"   \/><\/div><\/li><li  class='avia-slideshow-slide av-k9zjhqgf-681a55bfb1e78dc5781d0b0686970e9c__2  slide-3 slide-odd'><div data-rel='slideshow-1' class='avia-slide-wrap '   ><img decoding=\"async\" fetchpriority=\"high\" class=\"wp-image-2256 avia-img-lazy-loading-not-2256\"  src=\"https:\/\/albuin.at\/wp-content\/uploads\/2025\/06\/IMG_9702-1-1-1000x430.jpg\" width=\"1000\" height=\"430\" title='IMG_9702 1' alt=''  itemprop=\"thumbnailUrl\"   \/><\/div><\/li><li  class='avia-slideshow-slide av-k9zjhqgf-681a55bfb1e78dc5781d0b0686970e9c__3  slide-4 slide-even'><div data-rel='slideshow-1' class='avia-slide-wrap '   ><img decoding=\"async\" fetchpriority=\"high\" class=\"wp-image-2341 avia-img-lazy-loading-not-2341\"  src=\"https:\/\/albuin.at\/wp-content\/uploads\/2025\/06\/beeld-1000x430.jpg\" width=\"1000\" height=\"430\" title='beeld' alt=''  itemprop=\"thumbnailUrl\"   \/><\/div><\/li><li  class='avia-slideshow-slide av-k9zjhqgf-681a55bfb1e78dc5781d0b0686970e9c__4  slide-5 slide-odd'><div data-rel='slideshow-1' class='avia-slide-wrap '   ><img decoding=\"async\" fetchpriority=\"high\" class=\"wp-image-2264 avia-img-lazy-loading-not-2264\"  src=\"https:\/\/albuin.at\/wp-content\/uploads\/2025\/06\/JansonWEB-12-1-1000x430.jpg\" width=\"1000\" height=\"430\" title='JansonWEB-12' alt=''  itemprop=\"thumbnailUrl\"   \/><\/div><\/li><li  class='avia-slideshow-slide av-k9zjhqgf-681a55bfb1e78dc5781d0b0686970e9c__5  slide-6 slide-even'><div data-rel='slideshow-1' class='avia-slide-wrap '   ><img decoding=\"async\" fetchpriority=\"high\" class=\"wp-image-2771 avia-img-lazy-loading-not-2771\"  src=\"https:\/\/albuin.at\/wp-content\/uploads\/2025\/07\/Terras-1500x430.jpg\" width=\"1500\" height=\"430\" title='Terras' alt=''  itemprop=\"thumbnailUrl\"   \/><\/div><\/li><li  class='avia-slideshow-slide av-k9zjhqgf-681a55bfb1e78dc5781d0b0686970e9c__6  slide-7 slide-odd'><div data-rel='slideshow-1' class='avia-slide-wrap '   ><img decoding=\"async\" fetchpriority=\"high\" class=\"wp-image-2270 avia-img-lazy-loading-not-2270\"  src=\"https:\/\/albuin.at\/wp-content\/uploads\/2025\/06\/Terrasse-west-1000x430.jpg\" width=\"1000\" height=\"430\" title='Terrasse west' alt=''  itemprop=\"thumbnailUrl\"   \/><\/div><\/li><li  class='avia-slideshow-slide av-k9zjhqgf-681a55bfb1e78dc5781d0b0686970e9c__7  slide-8 slide-even'><div data-rel='slideshow-1' class='avia-slide-wrap '   ><img decoding=\"async\" fetchpriority=\"high\" class=\"wp-image-2228 avia-img-lazy-loading-not-2228\"  src=\"https:\/\/albuin.at\/wp-content\/uploads\/2025\/06\/IMG_3078-2-1000x430.jpg\" width=\"1000\" height=\"430\" title='IMG_3078 2' alt=''  itemprop=\"thumbnailUrl\"   \/><\/div><\/li><li  class='avia-slideshow-slide av-k9zjhqgf-681a55bfb1e78dc5781d0b0686970e9c__8  slide-9 slide-odd'><div data-rel='slideshow-1' class='avia-slide-wrap '   ><img decoding=\"async\" fetchpriority=\"high\" class=\"wp-image-2235 avia-img-lazy-loading-not-2235\"  src=\"https:\/\/albuin.at\/wp-content\/uploads\/2025\/06\/IMG_4918-1-1000x430.jpg\" width=\"1000\" height=\"430\" title='IMG_4918 1' alt=''  itemprop=\"thumbnailUrl\"   \/><\/div><\/li><li  class='avia-slideshow-slide av-k9zjhqgf-681a55bfb1e78dc5781d0b0686970e9c__9  slide-10 slide-even'><div data-rel='slideshow-1' class='avia-slide-wrap '   ><img decoding=\"async\" fetchpriority=\"high\" class=\"wp-image-2261 avia-img-lazy-loading-not-2261\"  src=\"https:\/\/albuin.at\/wp-content\/uploads\/2025\/06\/JansonWEB-4-1000x430.jpg\" width=\"1000\" height=\"430\" title='JansonWEB-4' alt=''  itemprop=\"thumbnailUrl\"   \/><\/div><\/li><\/ul><div class='avia-slideshow-arrows avia-slideshow-controls' ><a href='#prev' class='prev-slide ' aria-hidden='true' data-av_icon='\ue87c' data-av_iconfont='entypo-fontello'  tabindex='-1'>Zur\u00fcck<\/a><a href='#next' class='next-slide ' aria-hidden='true' data-av_icon='\ue87d' data-av_iconfont='entypo-fontello'  tabindex='-1'>Weiter<\/a><\/div><div class='avia-slideshow-dots avia-slideshow-controls'><a href='#1' class='goto-slide active' >1<\/a><a href='#2' class='goto-slide ' >2<\/a><a href='#3' class='goto-slide ' >3<\/a><a href='#4' class='goto-slide ' >4<\/a><a href='#5' class='goto-slide ' >5<\/a><a href='#6' class='goto-slide ' >6<\/a><a href='#7' class='goto-slide ' >7<\/a><a href='#8' class='goto-slide ' >8<\/a><a href='#9' class='goto-slide ' >9<\/a><a href='#10' class='goto-slide ' >10<\/a><\/div><div class='av-slideshow-caption av-k9zjhqgf-681a55bfb1e78dc5781d0b0686970e9c__0 caption_fullwidth caption_bottom'><div class=\"container caption_container\"><div class=\"slideshow_caption\"><div class=\"slideshow_inner_caption\"><div class=\"slideshow_align_caption\"><h2 class='avia-caption-title '  itemprop=\"name\" >Die Natur genie\u00dfen<\/h2><\/div><\/div><\/div><\/div><\/div><\/div><\/div>\n<div id='av_section_1'  class='avia-section av-reh2-d64be89ba77616896d2f63118f00d0c7 main_color avia-section-default avia-no-border-styling  avia-builder-el-1  el_after_av_slideshow_full  avia-builder-el-last  avia-bg-style-scroll container_wrap fullsize'  ><div class='container av-section-cont-open' ><div class='template-page content  av-content-full alpha units'><div class='post-entry post-entry-type-page post-entry-70'><div class='entry-content-wrapper clearfix'>\n<section  class='av_textblock_section av-k9zuedfp-a90a1aeb3ee9e3fb6194cb89d35a5b44 '   itemscope=\"itemscope\" itemtype=\"https:\/\/schema.org\/CreativeWork\" ><div class='avia_textblock'  itemprop=\"text\" ><h4>Haus Albuin<\/h4>\n<p>In einer traumhaften sonnigen Lage befindet sich unser 2019 NEU errichtetes Einfamilienhaus mit <a href=\"https:\/\/albuin.at\/de\/ferienwohnung\/\"><strong>Ferienwohnung <\/strong><\/a>und unser 2025 NEU gebautes <a href=\"https:\/\/albuin.at\/de\/tiny-haus\/\"><strong>Tiny<\/strong><strong>\u00a0Haus<\/strong><\/a>. Von der Terrasse gibt es eine wundersch\u00f6ne Aussicht auf die Vall\u00fcla (2.813m). Nur 6 Gehminuten zum Ortszentrum und 3 Fahrminuten zur Talstation Valisera\/Grasjoch.<\/p>\n<h4>Tiny Albuin<\/h4>\n<p>Tiny Living mit Stil, wohltuendem Komfort und Platz f\u00fcr das, was wichtig ist &#8230;. Unser 2025 neu erbautes <strong>Tiny Haus<\/strong> verbindet auf 60 stilvollen Quadratmetern modernes Design mit alpinem Komfort \u2013 durchdacht auf drei halbe Ebenen und eingebettet in die atemberaubende Landschaft mit gro\u00dfen Fenstern mit Bergblick und eigener Terrasse.<\/p>\n<h4>Von den wundersch\u00f6nen Bergen verzaubert<\/h4>\n<p>Nachdem wir 30 Jahre lang gl\u00fccklich im Zentrum einer Gro\u00dfstadt gelebt hatten, hatten wir die einmalige Gelegenheit, ein Haus an einem Traumort im Herzen des Montafon zu bauen. Umgeben von Natur und Bergen.<\/p>\n<p>Seit meiner Kindheit sind wir jedes Jahr im Urlaub ins Montafon gekommen. Jetzt k\u00f6nnen wir dort leben, wo andere Urlaub machen. Und wir haben das Gl\u00fcck inmitten der unvergleichlichen Sch\u00f6nheit der Natur, die wir jetzt vor unserer Haust\u00fcr haben, wohnen zu d\u00fcrfen. Wo die vier Jahreszeiten jeweils ihre eigene Sch\u00f6nheit haben.<\/p>\n<p>Hier schl\u00e4gt unser Herz schneller und wir genie\u00dfen jeden Tag die Kraft der Natur. Genau wie die Aufrichtigkeit und Herzlichkeit der heimischen Bev\u00f6lkerung, bei der Gastfreundschaft gro\u00dfgeschrieben wird. Montafon, so sch\u00f6n beschrieben und besungen von <a href=\"https:\/\/youtu.be\/_IVIpjYg98k\">Falco Luneau im Lied: &#8222;Muntafu&#8220;<\/a>. Verzaubert von der Berglandschaft. Wo es sich anf\u00fchlt, als w\u00fcrde man in einer Ansichtskarte leben, wenn die Abendsonne die Bergspitzen wie eine rote Glut einf\u00e4rbt.<\/p>\n<h4>Albuin Kopf<\/h4>\n<p>Unseres Haus verdankt seinen Namen dem Piz Buin, der mit 3.312m der h\u00f6chste Berg im Montafon und Vorarlberg ist. Albuin Kopf ist der im 19. Jahrhundert in Vorarlberg verwendete Name f\u00fcr den Piz Buin. Der jetzige Name Piz Buin stammt aus dem R\u00e4toromanischen und bedeutet \u201aOchsenkopf\u2018.<\/p>\n<p>Der Piz Buin liegt direkt an der Schweizer Grenze und oberhalb des Vermuntgletschers sowie des Ochsentaler Gletschers. Diese beiden Gletscher sind der Ursprung der Ill, jener Fluss der durch das Montafon und den Walgau bis in den Rhein flie\u00dft.<\/p>\n<\/div><\/section>\n\n","protected":false},"excerpt":{"rendered":"","protected":false},"author":1,"featured_media":0,"parent":0,"menu_order":0,"comment_status":"closed","ping_status":"closed","template":"","meta":{"footnotes":""},"class_list":["post-70","page","type-page","status-publish","hentry"],"_links":{"self":[{"href":"https:\/\/albuin.at\/de\/wp-json\/wp\/v2\/pages\/70","targetHints":{"allow":["GET"]}}],"collection":[{"href":"https:\/\/albuin.at\/de\/wp-json\/wp\/v2\/pages"}],"about":[{"href":"https:\/\/albuin.at\/de\/wp-json\/wp\/v2\/types\/page"}],"author":[{"embeddable":true,"href":"https:\/\/albuin.at\/de\/wp-json\/wp\/v2\/users\/1"}],"replies":[{"embeddable":true,"href":"https:\/\/albuin.at\/de\/wp-json\/wp\/v2\/comments?post=70"}],"version-history":[{"count":24,"href":"https:\/\/albuin.at\/de\/wp-json\/wp\/v2\/pages\/70\/revisions"}],"predecessor-version":[{"id":2777,"href":"https:\/\/albuin.at\/de\/wp-json\/wp\/v2\/pages\/70\/revisions\/2777"}],"wp:attachment":[{"href":"https:\/\/albuin.at\/de\/wp-json\/wp\/v2\/media?parent=70"}],"curies":[{"name":"wp","href":"https:\/\/api.w.org\/{rel}","templated":true}]}}

<div id='full_slider_1'  class='avia-fullwidth-slider main_color avia-shadow   avia-builder-el-0  el_before_av_section  avia-builder-el-first   container_wrap fullsize'  ><div  class='avia-slideshow av-k9zjhqgf-681a55bfb1e78dc5781d0b0686970e9c avia-slideshow-featured av_slideshow_full avia-slide-slider av-slideshow-ui av-control-default av-slideshow-autoplay av-loop-endless av-loop-manual-endless av-default-height-applied   avia-slideshow-1' data-slideshow-options="{&quot;animation&quot;:&quot;slide&quot;,&quot;autoplay&quot;:true,&quot;loop_autoplay&quot;:&quot;endless&quot;,&quot;interval&quot;:5,&quot;loop_manual&quot;:&quot;manual-endless&quot;,&quot;autoplay_stopper&quot;:false,&quot;noNavigation&quot;:false,&quot;bg_slider&quot;:false,&quot;keep_padding&quot;:false,&quot;hoverpause&quot;:false,&quot;show_slide_delay&quot;:0}"  itemprop="image" itemscope="itemscope" itemtype="https://schema.org/ImageObject" ><ul class='avia-slideshow-inner ' style='padding-bottom: 43%;'><li  class='avia-slideshow-slide av-k9zjhqgf-681a55bfb1e78dc5781d0b0686970e9c__0  slide-1 slide-odd'><div data-rel='slideshow-1' class='avia-slide-wrap '   ><img decoding="async" fetchpriority="high" class="wp-image-2176 avia-img-lazy-loading-not-2176"  src="https://albuin.at/wp-content/uploads/2025/05/IMG_3158-2-1000x430.jpg" width="1000" height="430" title='Haus Albuin rot' alt='Haus Albuin rot'  itemprop="thumbnailUrl"   /></div></li><li  class='avia-slideshow-slide av-k9zjhqgf-681a55bfb1e78dc5781d0b0686970e9c__1  slide-2 slide-even'><div data-rel='slideshow-1' class='avia-slide-wrap '   ><img decoding="async" fetchpriority="high" class="wp-image-2736 avia-img-lazy-loading-not-2736"  src="https://albuin.at/wp-content/uploads/2025/07/TIny-1500x430.jpg" width="1500" height="430" title='TIny' alt=''  itemprop="thumbnailUrl"   /></div></li><li  class='avia-slideshow-slide av-k9zjhqgf-681a55bfb1e78dc5781d0b0686970e9c__2  slide-3 slide-odd'><div data-rel='slideshow-1' class='avia-slide-wrap '   ><img decoding="async" fetchpriority="high" class="wp-image-2256 avia-img-lazy-loading-not-2256"  src="https://albuin.at/wp-content/uploads/2025/06/IMG_9702-1-1-1000x430.jpg" width="1000" height="430" title='IMG_9702 1' alt=''  itemprop="thumbnailUrl"   /></div></li><li  class='avia-slideshow-slide av-k9zjhqgf-681a55bfb1e78dc5781d0b0686970e9c__3  slide-4 slide-even'><div data-rel='slideshow-1' class='avia-slide-wrap '   ><img decoding="async" fetchpriority="high" class="wp-image-2341 avia-img-lazy-loading-not-2341"  src="https://albuin.at/wp-content/uploads/2025/06/beeld-1000x430.jpg" width="1000" height="430" title='beeld' alt=''  itemprop="thumbnailUrl"   /></div></li><li  class='avia-slideshow-slide av-k9zjhqgf-681a55bfb1e78dc5781d0b0686970e9c__4  slide-5 slide-odd'><div data-rel='slideshow-1' class='avia-slide-wrap '   ><img decoding="async" fetchpriority="high" class="wp-image-2264 avia-img-lazy-loading-not-2264"  src="https://albuin.at/wp-content/uploads/2025/06/JansonWEB-12-1-1000x430.jpg" width="1000" height="430" title='JansonWEB-12' alt=''  itemprop="thumbnailUrl"   /></div></li><li  class='avia-slideshow-slide av-k9zjhqgf-681a55bfb1e78dc5781d0b0686970e9c__5  slide-6 slide-even'><div data-rel='slideshow-1' class='avia-slide-wrap '   ><img decoding="async" fetchpriority="high" class="wp-image-2771 avia-img-lazy-loading-not-2771"  src="https://albuin.at/wp-content/uploads/2025/07/Terras-1500x430.jpg" width="1500" height="430" title='Terras' alt=''  itemprop="thumbnailUrl"   /></div></li><li  class='avia-slideshow-slide av-k9zjhqgf-681a55bfb1e78dc5781d0b0686970e9c__6  slide-7 slide-odd'><div data-rel='slideshow-1' class='avia-slide-wrap '   ><img decoding="async" fetchpriority="high" class="wp-image-2270 avia-img-lazy-loading-not-2270"  src="https://albuin.at/wp-content/uploads/2025/06/Terrasse-west-1000x430.jpg" width="1000" height="430" title='Terrasse west' alt=''  itemprop="thumbnailUrl"   /></div></li><li  class='avia-slideshow-slide av-k9zjhqgf-681a55bfb1e78dc5781d0b0686970e9c__7  slide-8 slide-even'><div data-rel='slideshow-1' class='avia-slide-wrap '   ><img decoding="async" fetchpriority="high" class="wp-image-2228 avia-img-lazy-loading-not-2228"  src="https://albuin.at/wp-content/uploads/2025/06/IMG_3078-2-1000x430.jpg" width="1000" height="430" title='IMG_3078 2' alt=''  itemprop="thumbnailUrl"   /></div></li><li  class='avia-slideshow-slide av-k9zjhqgf-681a55bfb1e78dc5781d0b0686970e9c__8  slide-9 slide-odd'><div data-rel='slideshow-1' class='avia-slide-wrap '   ><img decoding="async" fetchpriority="high" class="wp-image-2235 avia-img-lazy-loading-not-2235"  src="https://albuin.at/wp-content/uploads/2025/06/IMG_4918-1-1000x430.jpg" width="1000" height="430" title='IMG_4918 1' alt=''  itemprop="thumbnailUrl"   /></div></li><li  class='avia-slideshow-slide av-k9zjhqgf-681a55bfb1e78dc5781d0b0686970e9c__9  slide-10 slide-even'><div data-rel='slideshow-1' class='avia-slide-wrap '   ><img decoding="async" fetchpriority="high" class="wp-image-2261 avia-img-lazy-loading-not-2261"  src="https://albuin.at/wp-content/uploads/2025/06/JansonWEB-4-1000x430.jpg" width="1000" height="430" title='JansonWEB-4' alt=''  itemprop="thumbnailUrl"   /></div></li></ul><div class='avia-slideshow-arrows avia-slideshow-controls' ><a href='#prev' class='prev-slide ' aria-hidden='true' data-av_icon='' data-av_iconfont='entypo-fontello'  tabindex='-1'>Zurück</a><a href='#next' class='next-slide ' aria-hidden='true' data-av_icon='' data-av_iconfont='entypo-fontello'  tabindex='-1'>Weiter</a></div><div class='avia-slideshow-dots avia-slideshow-controls'><a href='#1' class='goto-slide active' >1</a><a href='#2' class='goto-slide ' >2</a><a href='#3' class='goto-slide ' >3</a><a href='#4' class='goto-slide ' >4</a><a href='#5' class='goto-slide ' >5</a><a href='#6' class='goto-slide ' >6</a><a href='#7' class='goto-slide ' >7</a><a href='#8' class='goto-slide ' >8</a><a href='#9' class='goto-slide ' >9</a><a href='#10' class='goto-slide ' >10</a></div><div class='av-slideshow-caption av-k9zjhqgf-681a55bfb1e78dc5781d0b0686970e9c__0 caption_fullwidth caption_bottom'><div class="container caption_container"><div class="slideshow_caption"><div class="slideshow_inner_caption"><div class="slideshow_align_caption"><h2 class='avia-caption-title '  itemprop="name" >Die Natur genießen</h2></div></div></div></div></div></div></div>
<div id='av_section_1'  class='avia-section av-reh2-d64be89ba77616896d2f63118f00d0c7 main_color avia-section-default avia-no-border-styling  avia-builder-el-1  el_after_av_slideshow_full  avia-builder-el-last  avia-bg-style-scroll container_wrap fullsize'  ><div class='container av-section-cont-open' ><div class='template-page content  av-content-full alpha units'><div class='post-entry post-entry-type-page post-entry-70'><div class='entry-content-wrapper clearfix'>
<section  class='av_textblock_section av-k9zuedfp-a90a1aeb3ee9e3fb6194cb89d35a5b44 '   itemscope="itemscope" itemtype="https://schema.org/CreativeWork" ><div class='avia_textblock'  itemprop="text" ><h4>Haus Albuin</h4>
<p>In einer traumhaften sonnigen Lage befindet sich unser 2019 NEU errichtetes Einfamilienhaus mit <a href="https://albuin.at/de/ferienwohnung/"><strong>Ferienwohnung </strong></a>und unser 2025 NEU gebautes <a href="https://albuin.at/de/tiny-haus/"><strong>Tiny</strong><strong> Haus</strong></a>. Von der Terrasse gibt es eine wunderschöne Aussicht auf die Vallüla (2.813m). Nur 6 Gehminuten zum Ortszentrum und 3 Fahrminuten zur Talstation Valisera/Grasjoch.</p>
<h4>Tiny Albuin</h4>
<p>Tiny Living mit Stil, wohltuendem Komfort und Platz für das, was wichtig ist &#8230;. Unser 2025 neu erbautes <strong>Tiny Haus</strong> verbindet auf 60 stilvollen Quadratmetern modernes Design mit alpinem Komfort – durchdacht auf drei halbe Ebenen und eingebettet in die atemberaubende Landschaft mit großen Fenstern mit Bergblick und eigener Terrasse.</p>
<h4>Von den wunderschönen Bergen verzaubert</h4>
<p>Nachdem wir 30 Jahre lang glücklich im Zentrum einer Großstadt gelebt hatten, hatten wir die einmalige Gelegenheit, ein Haus an einem Traumort im Herzen des Montafon zu bauen. Umgeben von Natur und Bergen.</p>
<p>Seit meiner Kindheit sind wir jedes Jahr im Urlaub ins Montafon gekommen. Jetzt können wir dort leben, wo andere Urlaub machen. Und wir haben das Glück inmitten der unvergleichlichen Schönheit der Natur, die wir jetzt vor unserer Haustür haben, wohnen zu dürfen. Wo die vier Jahreszeiten jeweils ihre eigene Schönheit haben.</p>
<p>Hier schlägt unser Herz schneller und wir genießen jeden Tag die Kraft der Natur. Genau wie die Aufrichtigkeit und Herzlichkeit der heimischen Bevölkerung, bei der Gastfreundschaft großgeschrieben wird. Montafon, so schön beschrieben und besungen von <a href="https://youtu.be/_IVIpjYg98k">Falco Luneau im Lied: &#8222;Muntafu&#8220;</a>. Verzaubert von der Berglandschaft. Wo es sich anfühlt, als würde man in einer Ansichtskarte leben, wenn die Abendsonne die Bergspitzen wie eine rote Glut einfärbt.</p>
<h4>Albuin Kopf</h4>
<p>Unseres Haus verdankt seinen Namen dem Piz Buin, der mit 3.312m der höchste Berg im Montafon und Vorarlberg ist. Albuin Kopf ist der im 19. Jahrhundert in Vorarlberg verwendete Name für den Piz Buin. Der jetzige Name Piz Buin stammt aus dem Rätoromanischen und bedeutet ‚Ochsenkopf‘.</p>
<p>Der Piz Buin liegt direkt an der Schweizer Grenze und oberhalb des Vermuntgletschers sowie des Ochsentaler Gletschers. Diese beiden Gletscher sind der Ursprung der Ill, jener Fluss der durch das Montafon und den Walgau bis in den Rhein fließt.</p>
</div></section>
