{"id":2167,"date":"2025-05-31T10:34:00","date_gmt":"2025-05-31T08:34:00","guid":{"rendered":"https:\/\/albuin.at\/?page_id=2167"},"modified":"2025-06-27T15:43:43","modified_gmt":"2025-06-27T13:43:43","slug":"tiny-haus","status":"publish","type":"page","link":"https:\/\/albuin.at\/de\/tiny-haus\/","title":{"rendered":"Tiny Haus"},"content":{"rendered":"<section  class='av_textblock_section av-kaxruwyl-f2163964c8767a637cb3f725b6f9f948 '   itemscope=\"itemscope\" itemtype=\"https:\/\/schema.org\/CreativeWork\" ><div class='avia_textblock'  itemprop=\"text\" ><h4 style=\"text-align: center;\">Das exklusive Tiny Haus &#8222;Tiny Albuin&#8220;<\/h4>\n<h5 style=\"text-align: center;\">~bis zu 4 Personen | 60m\u00b2 ~<\/h5>\n<p style=\"text-align: center;\">Luxus im Kleinen \u2013 ganz gro\u00df gedacht.<\/p>\n<p style=\"text-align: center;\">\u00a0Ihre pers\u00f6nliche Wohlf\u00fchloase inmitten der Berge.<\/p>\n<p>Wer sagt, das Luxus viel Platz braucht? Unser 2025 neu erbautes Tiny Haus verbindet auf 60 stilvollen Quadratmetern modernes Design mit alpinem Eleganz und kompaktem Komfort \u2013 durchdacht auf drei halbe Ebenen und eingebettet in die atemberaubende Landschaft mit viel Fenstern, und Blick auf die Vall\u00fcla.<\/p>\n<p>Im oberen Wohnbereich erwartet Sie eine gem\u00fctliche Couch mit integriertem Bettschrank \u2013 hinter der Couchwand versteckt sich das komfortable Doppelbett, das sich mit einem einfachen Handgriff ausklappen l\u00e4sst. Der TV ist raffiniert im M\u00f6bel verbaut und wird per Fernbedienung aus dem Schrank gehoben. Der Raum ist offen, reduziert und doch voller M\u00f6glichkeiten.<\/p>\n<p>Ein paar Stufen tiefer befindet sich die hochwertig ausgestattete K\u00fcche in elegantem Borealgr\u00fcn \u2013 mit frischem Bergwasser das sowohl kochend als auch sprudelnd direkt aus dem Quookerhahn kommt.<\/p>\n<p>Das Bora-Kochfeld macht Kochen zum Erlebnis. Neben der K\u00fcche: der Essbereich mit direktem Zugang zur eigenen herrlichen Terrasse \u2013 der perfekte Ort f\u00fcr Fr\u00fchst\u00fcck in der Morgensonne oder ein Glas Wein bei Sonnenuntergang. Auf diese Ebene finden Sie au\u00dferdem ein separates WC sowie einen praktischen Schrank mit integriertem Kombi-Waschtrockner.<\/p>\n<p>Die unterste Ebene ist dem R\u00fcckzug gewidmet: Ein komfortables Boxspringbett f\u00fcr zwei Personen, ein modernes Badezimmer mit Einlaufdusche und liebevoll ausgew\u00e4hlten Details machen diese Etage zum pers\u00f6nlichen Wohlf\u00fchlort.<\/p>\n<p>Komfort trifft Natur \u2013 Das Tiny Haus ist mit modernster Haustechnik ausgestattet und l\u00e4sst sich einfach und intuitiv steuern. Fu\u00dfbodenheizung in allen Bereichen sorgt f\u00fcr wohlige W\u00e4rme. Ein integriertes Audiosystem verw\u00f6hnt Sie in jedem Raum \u2013 sogar im Badezimmer-.<\/p>\n<p>Nat\u00fcrlich nachhaltig: Eine eigene E-Ladestation steht direkt am Parkplatz bereit. Die verwendeten Materialien und die energieeffiziente Ausstattung unterstreichen den \u00f6kologischen Anspruch diese au\u00dfergew\u00f6hnlichen Refugiums.<\/p>\n<p style=\"text-align: center;\">\n<\/div><\/section>\n<\/div><\/div><\/div><!-- close content main div --><\/div><\/div>\n<style type=\"text\/css\" data-created_by=\"avia_inline_auto\" id=\"style-css-av-mbksz0gj-6dcf5c864ecb61a7c58d00b52691070d\">\n.avia-section.av-mbksz0gj-6dcf5c864ecb61a7c58d00b52691070d .av-parallax .av-parallax-inner{\nbackground-repeat:no-repeat;\nbackground-image:url(https:\/\/albuin.at\/wp-content\/uploads\/2025\/06\/Overall.jpg);\nbackground-position:50% 50%;\nbackground-attachment:scroll;\n}\n.avia-section.av-mbksz0gj-6dcf5c864ecb61a7c58d00b52691070d .av-section-color-overlay{\nopacity:0.5;\nbackground-color:#ede7de;\n}\n<\/style>\n<div id='av_section_1'  class='avia-section av-mbksz0gj-6dcf5c864ecb61a7c58d00b52691070d main_color avia-section-default avia-no-border-styling  avia-builder-el-1  el_after_av_textblock  avia-builder-el-last  avia-full-stretch av-parallax-section avia-bg-style-parallax av-section-color-overlay-active av-minimum-height av-minimum-height-75 av-height-75  container_wrap fullsize'  data-section-bg-repeat='stretch' data-av_minimum_height_pc='75' data-av_min_height_opt='75'><div class='av-parallax' data-avia-parallax-ratio='0.3' ><div class='av-parallax-inner main_color avia-full-stretch'><\/div><\/div><div class=\"av-section-color-overlay-wrap\"><div class=\"av-section-color-overlay\"><\/div><div class='container av-section-cont-open' ><div class='template-page content  av-content-full alpha units'><div class='post-entry post-entry-type-page post-entry-2167'><div class='entry-content-wrapper clearfix'>\n\n<style type=\"text\/css\" data-created_by=\"avia_inline_auto\" id=\"style-css-av-2h15d-bbba5359127e945e07fdea22fe43f7de\">\n.flex_column.av-2h15d-bbba5359127e945e07fdea22fe43f7de{\nborder-radius:0px 0px 0px 0px;\npadding:0px 0px 0px 0px;\n}\n<\/style>\n<div  class='flex_column av-2h15d-bbba5359127e945e07fdea22fe43f7de av_one_third  avia-builder-el-2  el_before_av_one_third  avia-builder-el-first  first flex_column_div av-zero-column-padding  '     ><style type=\"text\/css\" data-created_by=\"avia_inline_auto\" id=\"style-css-av-kas57n86-e39a180bd2fc39ec75cefdc74ae7752c\">\n.iconbox.av-kas57n86-e39a180bd2fc39ec75cefdc74ae7752c .iconbox_icon{\nbackground-color:#b02b2c;\n}\n\n@media only screen and (min-width: 768px) and (max-width: 989px){ \n.iconbox.av-kas57n86-e39a180bd2fc39ec75cefdc74ae7752c .iconbox_content_container{\nfont-size:20px;\n}\n}\n<\/style>\n<article  class='iconbox iconbox_top av-kas57n86-e39a180bd2fc39ec75cefdc74ae7752c  avia-builder-el-3  avia-builder-el-no-sibling  main_color'  itemscope=\"itemscope\" itemtype=\"https:\/\/schema.org\/CreativeWork\" ><div class=\"iconbox_content\"><header class=\"entry-content-header\" aria-label=\"Icon: Preise\"><a href='https:\/\/albuin.at\/de\/preise-tiny-haus\/' title='Preise'  class=\"iconbox_icon heading-color\" aria-hidden='true' data-av_icon='\ue827' data-av_iconfont='entypo-fontello'><\/a><h3 class='iconbox_content_title '  itemprop=\"headline\" ><a href='https:\/\/albuin.at\/de\/preise-tiny-haus\/' title='Preise' >Preise<\/a><\/h3><\/header><div class='iconbox_content_container '  itemprop=\"text\" ><p>&#8222;Zeit die wir uns nehmen, ist Zeit die uns etwas gibt.&#8220;<\/p>\n<p>~Ernst Ferstl~<\/p>\n<\/div><\/div><footer class=\"entry-footer\"><\/footer><\/article><\/div>\n<style type=\"text\/css\" data-created_by=\"avia_inline_auto\" id=\"style-css-av-26w3p-693d8aa5fce8503f5ce287819173232b\">\n.flex_column.av-26w3p-693d8aa5fce8503f5ce287819173232b{\nborder-radius:0px 0px 0px 0px;\npadding:0px 0px 0px 0px;\n}\n<\/style>\n<div  class='flex_column av-26w3p-693d8aa5fce8503f5ce287819173232b av_one_third  avia-builder-el-4  el_after_av_one_third  el_before_av_one_third  flex_column_div av-zero-column-padding  '     ><article  class='iconbox iconbox_top av-katdlmcw-f7ef3d1797ff313a0028c328a5eb6840  avia-builder-el-5  avia-builder-el-no-sibling  main_color'  itemscope=\"itemscope\" itemtype=\"https:\/\/schema.org\/CreativeWork\" ><div class=\"iconbox_content\"><header class=\"entry-content-header\" aria-label=\"Icon: Ausstattung\"><a href='https:\/\/albuin.at\/de\/ausstattung-ferienwohnung\/' title='Ausstattung'  class=\"iconbox_icon heading-color\" aria-hidden='true' data-av_icon='\ue821' data-av_iconfont='entypo-fontello'><\/a><h3 class='iconbox_content_title '  itemprop=\"headline\" ><a href='https:\/\/albuin.at\/de\/ausstattung-ferienwohnung\/' title='Ausstattung' >Ausstattung<\/a><\/h3><\/header><div class='iconbox_content_container '  itemprop=\"text\" ><p>&#8222;Das Wesen der Dinge hat die Angewohnheit sich zu verbergen.&#8220;<\/p>\n<p>~Heraklit~<\/p>\n<\/div><\/div><footer class=\"entry-footer\"><\/footer><\/article><\/div>\n<style type=\"text\/css\" data-created_by=\"avia_inline_auto\" id=\"style-css-av-4w25-545c3fa585bac6f8d5e63342d5feecdd\">\n.flex_column.av-4w25-545c3fa585bac6f8d5e63342d5feecdd{\nborder-radius:0px 0px 0px 0px;\npadding:0px 0px 0px 0px;\n}\n<\/style>\n<div  class='flex_column av-4w25-545c3fa585bac6f8d5e63342d5feecdd av_one_third  avia-builder-el-6  el_after_av_one_third  avia-builder-el-last  flex_column_div av-zero-column-padding  '     ><style type=\"text\/css\" data-created_by=\"avia_inline_auto\" id=\"style-css-av-kas57n86-1-8193542c3af1492143b6f2cb346b95c8\">\n.iconbox.av-kas57n86-1-8193542c3af1492143b6f2cb346b95c8 .iconbox_icon{\nbackground-color:#b02b2c;\n}\n<\/style>\n<article  class='iconbox iconbox_top av-kas57n86-1-8193542c3af1492143b6f2cb346b95c8  avia-builder-el-7  avia-builder-el-no-sibling  main_color'  itemscope=\"itemscope\" itemtype=\"https:\/\/schema.org\/CreativeWork\" ><div class=\"iconbox_content\"><header class=\"entry-content-header\" aria-label=\"Icon: Fotos\"><a href='https:\/\/albuin.at\/de\/fotos-tiny-haus\/' title='Fotos'  class=\"iconbox_icon heading-color\" aria-hidden='true' data-av_icon='\ue80e' data-av_iconfont='entypo-fontello'><\/a><h3 class='iconbox_content_title '  itemprop=\"headline\" ><a href='https:\/\/albuin.at\/de\/fotos-tiny-haus\/' title='Fotos' >Fotos<\/a><\/h3><\/header><div class='iconbox_content_container '  itemprop=\"text\" ><p>&#8222;Wenn ich die Geschichte in Worten erz\u00e4hlen k\u00f6nnte, br\u00e4uchte ich keine Kamera mit mir herumzuschleppen.&#8220;<\/p>\n<p>~Lewis Hine~<\/p>\n<\/div><\/div><footer class=\"entry-footer\"><\/footer><\/article><\/div>\n\n","protected":false},"excerpt":{"rendered":"","protected":false},"author":1,"featured_media":0,"parent":0,"menu_order":0,"comment_status":"closed","ping_status":"closed","template":"","meta":{"footnotes":""},"class_list":["post-2167","page","type-page","status-publish","hentry"],"_links":{"self":[{"href":"https:\/\/albuin.at\/de\/wp-json\/wp\/v2\/pages\/2167","targetHints":{"allow":["GET"]}}],"collection":[{"href":"https:\/\/albuin.at\/de\/wp-json\/wp\/v2\/pages"}],"about":[{"href":"https:\/\/albuin.at\/de\/wp-json\/wp\/v2\/types\/page"}],"author":[{"embeddable":true,"href":"https:\/\/albuin.at\/de\/wp-json\/wp\/v2\/users\/1"}],"replies":[{"embeddable":true,"href":"https:\/\/albuin.at\/de\/wp-json\/wp\/v2\/comments?post=2167"}],"version-history":[{"count":22,"href":"https:\/\/albuin.at\/de\/wp-json\/wp\/v2\/pages\/2167\/revisions"}],"predecessor-version":[{"id":2676,"href":"https:\/\/albuin.at\/de\/wp-json\/wp\/v2\/pages\/2167\/revisions\/2676"}],"wp:attachment":[{"href":"https:\/\/albuin.at\/de\/wp-json\/wp\/v2\/media?parent=2167"}],"curies":[{"name":"wp","href":"https:\/\/api.w.org\/{rel}","templated":true}]}}

<section  class='av_textblock_section av-kaxruwyl-f2163964c8767a637cb3f725b6f9f948 '   itemscope="itemscope" itemtype="https://schema.org/CreativeWork" ><div class='avia_textblock'  itemprop="text" ><h4 style="text-align: center;">Das exklusive Tiny Haus &#8222;Tiny Albuin&#8220;</h4>
<h5 style="text-align: center;">~bis zu 4 Personen | 60m² ~</h5>
<p style="text-align: center;">Luxus im Kleinen – ganz groß gedacht.</p>
<p style="text-align: center;"> Ihre persönliche Wohlfühloase inmitten der Berge.</p>
<p>Wer sagt, das Luxus viel Platz braucht? Unser 2025 neu erbautes Tiny Haus verbindet auf 60 stilvollen Quadratmetern modernes Design mit alpinem Eleganz und kompaktem Komfort – durchdacht auf drei halbe Ebenen und eingebettet in die atemberaubende Landschaft mit viel Fenstern, und Blick auf die Vallüla.</p>
<p>Im oberen Wohnbereich erwartet Sie eine gemütliche Couch mit integriertem Bettschrank – hinter der Couchwand versteckt sich das komfortable Doppelbett, das sich mit einem einfachen Handgriff ausklappen lässt. Der TV ist raffiniert im Möbel verbaut und wird per Fernbedienung aus dem Schrank gehoben. Der Raum ist offen, reduziert und doch voller Möglichkeiten.</p>
<p>Ein paar Stufen tiefer befindet sich die hochwertig ausgestattete Küche in elegantem Borealgrün – mit frischem Bergwasser das sowohl kochend als auch sprudelnd direkt aus dem Quookerhahn kommt.</p>
<p>Das Bora-Kochfeld macht Kochen zum Erlebnis. Neben der Küche: der Essbereich mit direktem Zugang zur eigenen herrlichen Terrasse – der perfekte Ort für Frühstück in der Morgensonne oder ein Glas Wein bei Sonnenuntergang. Auf diese Ebene finden Sie außerdem ein separates WC sowie einen praktischen Schrank mit integriertem Kombi-Waschtrockner.</p>
<p>Die unterste Ebene ist dem Rückzug gewidmet: Ein komfortables Boxspringbett für zwei Personen, ein modernes Badezimmer mit Einlaufdusche und liebevoll ausgewählten Details machen diese Etage zum persönlichen Wohlfühlort.</p>
<p>Komfort trifft Natur – Das Tiny Haus ist mit modernster Haustechnik ausgestattet und lässt sich einfach und intuitiv steuern. Fußbodenheizung in allen Bereichen sorgt für wohlige Wärme. Ein integriertes Audiosystem verwöhnt Sie in jedem Raum – sogar im Badezimmer-.</p>
<p>Natürlich nachhaltig: Eine eigene E-Ladestation steht direkt am Parkplatz bereit. Die verwendeten Materialien und die energieeffiziente Ausstattung unterstreichen den ökologischen Anspruch diese außergewöhnlichen Refugiums.</p>
<p style="text-align: center;">
</div></section>
</div></div></div><!-- close content main div --></div></div>
<style type="text/css" data-created_by="avia_inline_auto" id="style-css-av-mbksz0gj-6dcf5c864ecb61a7c58d00b52691070d">
.avia-section.av-mbksz0gj-6dcf5c864ecb61a7c58d00b52691070d .av-parallax .av-parallax-inner{
background-repeat:no-repeat;
background-image:url(https://albuin.at/wp-content/uploads/2025/06/Overall.jpg);
background-position:50% 50%;
background-attachment:scroll;
}
.avia-section.av-mbksz0gj-6dcf5c864ecb61a7c58d00b52691070d .av-section-color-overlay{
opacity:0.5;
background-color:#ede7de;
}
</style>
<div id='av_section_1'  class='avia-section av-mbksz0gj-6dcf5c864ecb61a7c58d00b52691070d main_color avia-section-default avia-no-border-styling  avia-builder-el-1  el_after_av_textblock  avia-builder-el-last  avia-full-stretch av-parallax-section avia-bg-style-parallax av-section-color-overlay-active av-minimum-height av-minimum-height-75 av-height-75  container_wrap fullsize'  data-section-bg-repeat='stretch' data-av_minimum_height_pc='75' data-av_min_height_opt='75'><div class='av-parallax' data-avia-parallax-ratio='0.3' ><div class='av-parallax-inner main_color avia-full-stretch'></div></div><div class="av-section-color-overlay-wrap"><div class="av-section-color-overlay"></div><div class='container av-section-cont-open' ><div class='template-page content  av-content-full alpha units'><div class='post-entry post-entry-type-page post-entry-2167'><div class='entry-content-wrapper clearfix'>

<style type="text/css" data-created_by="avia_inline_auto" id="style-css-av-2h15d-bbba5359127e945e07fdea22fe43f7de">
.flex_column.av-2h15d-bbba5359127e945e07fdea22fe43f7de{
border-radius:0px 0px 0px 0px;
padding:0px 0px 0px 0px;
}
</style>
<div  class='flex_column av-2h15d-bbba5359127e945e07fdea22fe43f7de av_one_third  avia-builder-el-2  el_before_av_one_third  avia-builder-el-first  first flex_column_div av-zero-column-padding  '     ><style type="text/css" data-created_by="avia_inline_auto" id="style-css-av-kas57n86-e39a180bd2fc39ec75cefdc74ae7752c">
.iconbox.av-kas57n86-e39a180bd2fc39ec75cefdc74ae7752c .iconbox_icon{
background-color:#b02b2c;
}

@media only screen and (min-width: 768px) and (max-width: 989px){ 
.iconbox.av-kas57n86-e39a180bd2fc39ec75cefdc74ae7752c .iconbox_content_container{
font-size:20px;
}
}
</style>
<article  class='iconbox iconbox_top av-kas57n86-e39a180bd2fc39ec75cefdc74ae7752c  avia-builder-el-3  avia-builder-el-no-sibling  main_color'  itemscope="itemscope" itemtype="https://schema.org/CreativeWork" ><div class="iconbox_content"><header class="entry-content-header" aria-label="Icon: Preise"><a href='https://albuin.at/de/preise-tiny-haus/' title='Preise'  class="iconbox_icon heading-color" aria-hidden='true' data-av_icon='' data-av_iconfont='entypo-fontello'></a><h3 class='iconbox_content_title '  itemprop="headline" ><a href='https://albuin.at/de/preise-tiny-haus/' title='Preise' >Preise</a></h3></header><div class='iconbox_content_container '  itemprop="text" ><p>&#8222;Zeit die wir uns nehmen, ist Zeit die uns etwas gibt.&#8220;</p>
<p>~Ernst Ferstl~</p>
</div></div><footer class="entry-footer"></footer></article></div>
<style type="text/css" data-created_by="avia_inline_auto" id="style-css-av-26w3p-693d8aa5fce8503f5ce287819173232b">
.flex_column.av-26w3p-693d8aa5fce8503f5ce287819173232b{
border-radius:0px 0px 0px 0px;
padding:0px 0px 0px 0px;
}
</style>
<div  class='flex_column av-26w3p-693d8aa5fce8503f5ce287819173232b av_one_third  avia-builder-el-4  el_after_av_one_third  el_before_av_one_third  flex_column_div av-zero-column-padding  '     ><article  class='iconbox iconbox_top av-katdlmcw-f7ef3d1797ff313a0028c328a5eb6840  avia-builder-el-5  avia-builder-el-no-sibling  main_color'  itemscope="itemscope" itemtype="https://schema.org/CreativeWork" ><div class="iconbox_content"><header class="entry-content-header" aria-label="Icon: Ausstattung"><a href='https://albuin.at/de/ausstattung-ferienwohnung/' title='Ausstattung'  class="iconbox_icon heading-color" aria-hidden='true' data-av_icon='' data-av_iconfont='entypo-fontello'></a><h3 class='iconbox_content_title '  itemprop="headline" ><a href='https://albuin.at/de/ausstattung-ferienwohnung/' title='Ausstattung' >Ausstattung</a></h3></header><div class='iconbox_content_container '  itemprop="text" ><p>&#8222;Das Wesen der Dinge hat die Angewohnheit sich zu verbergen.&#8220;</p>
<p>~Heraklit~</p>
</div></div><footer class="entry-footer"></footer></article></div>
<style type="text/css" data-created_by="avia_inline_auto" id="style-css-av-4w25-545c3fa585bac6f8d5e63342d5feecdd">
.flex_column.av-4w25-545c3fa585bac6f8d5e63342d5feecdd{
border-radius:0px 0px 0px 0px;
padding:0px 0px 0px 0px;
}
</style>
<div  class='flex_column av-4w25-545c3fa585bac6f8d5e63342d5feecdd av_one_third  avia-builder-el-6  el_after_av_one_third  avia-builder-el-last  flex_column_div av-zero-column-padding  '     ><style type="text/css" data-created_by="avia_inline_auto" id="style-css-av-kas57n86-1-8193542c3af1492143b6f2cb346b95c8">
.iconbox.av-kas57n86-1-8193542c3af1492143b6f2cb346b95c8 .iconbox_icon{
background-color:#b02b2c;
}
</style>
<article  class='iconbox iconbox_top av-kas57n86-1-8193542c3af1492143b6f2cb346b95c8  avia-builder-el-7  avia-builder-el-no-sibling  main_color'  itemscope="itemscope" itemtype="https://schema.org/CreativeWork" ><div class="iconbox_content"><header class="entry-content-header" aria-label="Icon: Fotos"><a href='https://albuin.at/de/fotos-tiny-haus/' title='Fotos'  class="iconbox_icon heading-color" aria-hidden='true' data-av_icon='' data-av_iconfont='entypo-fontello'></a><h3 class='iconbox_content_title '  itemprop="headline" ><a href='https://albuin.at/de/fotos-tiny-haus/' title='Fotos' >Fotos</a></h3></header><div class='iconbox_content_container '  itemprop="text" ><p>&#8222;Wenn ich die Geschichte in Worten erzählen könnte, bräuchte ich keine Kamera mit mir herumzuschleppen.&#8220;</p>
<p>~Lewis Hine~</p>
</div></div><footer class="entry-footer"></footer></article></div>
