{"id":2158,"date":"2025-05-30T14:27:06","date_gmt":"2025-05-30T12:27:06","guid":{"rendered":"https:\/\/albuin.at\/?page_id=2158"},"modified":"2025-06-01T09:59:30","modified_gmt":"2025-06-01T07:59:30","slug":"ausstattung-tiny-haus","status":"publish","type":"page","link":"https:\/\/albuin.at\/de\/ausstattung-tiny-haus\/","title":{"rendered":"Ausstattung Tiny Albuin"},"content":{"rendered":"<div id='av_section_1'  class='avia-section av-katiac8b-19a095793cba38e0164a206e982035bc main_color avia-section-default avia-no-border-styling  avia-builder-el-0  el_before_av_section  avia-builder-el-first  avia-bg-style-scroll container_wrap fullsize'  ><div class=\"av-section-color-overlay-wrap\"><a href='#next-section' title='' class='scroll-down-link ' aria-hidden='true' data-av_icon='\ue877' data-av_iconfont='entypo-fontello'><\/a><div class='container av-section-cont-open' ><main  role=\"main\" itemprop=\"mainContentOfPage\"  class='template-page content  av-content-full alpha units'><div class='post-entry post-entry-type-page post-entry-2158'><div class='entry-content-wrapper clearfix'>\n\n<style type=\"text\/css\" data-created_by=\"avia_inline_auto\" id=\"style-css-av-5cl68-c8ca9790daf764b8e4594e022cc43aa4\">\n.flex_column.av-5cl68-c8ca9790daf764b8e4594e022cc43aa4{\nborder-radius:0px 0px 0px 0px;\npadding:0px 0px 0px 0px;\n}\n<\/style>\n<div  class='flex_column av-5cl68-c8ca9790daf764b8e4594e022cc43aa4 av_one_half  avia-builder-el-1  el_before_av_one_half  avia-builder-el-first  first flex_column_div av-zero-column-padding  '     ><section  class='av_textblock_section av-katihfpm-c106e1d6160aac379e8c1091441dde30 '   itemscope=\"itemscope\" itemtype=\"https:\/\/schema.org\/CreativeWork\" ><div class='avia_textblock'  itemprop=\"text\" ><div id=\"mjs-object_1418\" class=\"mjs-object mjs-object-htmlText\">\n<div class=\"mjs-object-content\">\n<h4>Wohnzimmer \/ Galerie mit Bettschrank<\/h4>\n<\/div>\n<\/div>\n<div id=\"mjs-object_1419\" class=\"mjs-object mjs-object-htmlText\">\n<div class=\"mjs-object-content\">\n<p>&#8230; \u00a0mit gem\u00fctlicher Sitzgelegenheit, Flat-Satelliten-TV, Elektrokamin &#8230;<\/p>\n<p>ausklappbarer Bettschrank mit Doppelbett (160 x 200) &#8211; Federkernmatratze<\/p>\n<\/div>\n<\/div>\n<\/div><\/section><\/div>\n<style type=\"text\/css\" data-created_by=\"avia_inline_auto\" id=\"style-css-av-1kec-e6809a8f1896231939f6446b0557302f\">\n.flex_column.av-1kec-e6809a8f1896231939f6446b0557302f{\nborder-radius:0px 0px 0px 0px;\npadding:0px 0px 0px 0px;\n}\n<\/style>\n<div  class='flex_column av-1kec-e6809a8f1896231939f6446b0557302f av_one_half  avia-builder-el-3  el_after_av_one_half  avia-builder-el-last  flex_column_div av-zero-column-padding  '     ><section  class='av_textblock_section av-katidjox-cb278e5a7a329982a8a0b8175b6f0b2f '   itemscope=\"itemscope\" itemtype=\"https:\/\/schema.org\/CreativeWork\" ><div class='avia_textblock'  itemprop=\"text\" ><div id=\"mjs-object_1463\" class=\"mjs-object mjs-object-htmlText\">\n<div class=\"mjs-object-content\">\n<h4>K\u00fcche \/ Esszimmer<\/h4>\n<\/div>\n<\/div>\n<div id=\"mjs-object_1464\" class=\"mjs-object mjs-object-htmlText\">\n<div class=\"mjs-object-content\">\n<p>&#8230; komplett ausgestattet &#8230;<\/p>\n<p>Quooker mit Sprudel und Kochendes Wasser, Bora Pure Kochfeld, Siemens Backofen mit Mikrowelle, K\u00fchlschrank mit Gefrierfach, Geschirrsp\u00fcler,\u00a0 Espresso-Kaffeemaschine (geeignet f\u00fcr Bohnen) &#8211; schon gef\u00fcllt mit Bohnen, damit der erste Kaffee sofort zubereitet werden kann, Milchaufsch\u00e4umer, Toaster, Geschirrt\u00fccher und Geschirrsp\u00fclmittel vorhanden<\/p>\n<\/div>\n<\/div>\n<\/div><\/section><\/div>\n\n<\/div><\/div><\/main><!-- close content main element --><\/div><\/div><\/div><div id='av_section_2'  class='avia-section av-ermo-ca99b2ce455729cca6ec9af5059543bb main_color avia-section-default avia-no-border-styling  avia-builder-el-5  el_after_av_section  el_before_av_section  avia-bg-style-scroll container_wrap fullsize'  ><div class='container av-section-cont-open' ><div class='template-page content  av-content-full alpha units'><div class='post-entry post-entry-type-page post-entry-2158'><div class='entry-content-wrapper clearfix'>\n\n<style type=\"text\/css\" data-created_by=\"avia_inline_auto\" id=\"style-css-av-3bclk-fcc380916a0b8a84409b502a9b13ea28\">\n.flex_column.av-3bclk-fcc380916a0b8a84409b502a9b13ea28{\nborder-radius:0px 0px 0px 0px;\npadding:0px 0px 0px 0px;\n}\n<\/style>\n<div  class='flex_column av-3bclk-fcc380916a0b8a84409b502a9b13ea28 av_one_half  avia-builder-el-6  el_before_av_one_half  avia-builder-el-first  first flex_column_div av-zero-column-padding  '     ><section  class='av_textblock_section av-kaxv1wys-46325fa9817d80429ae73955775f6597 '   itemscope=\"itemscope\" itemtype=\"https:\/\/schema.org\/CreativeWork\" ><div class='avia_textblock'  itemprop=\"text\" ><h4>Schlafzimmer<\/h4>\n<ul>\n<li>Schlafzimmer mit 180&#215;200 cm Doppelbett (Hinweis: Fu\u00dfende offen) &#8211; 2 Federkernmatratzen.<\/li>\n<li>ger\u00e4umiger Kleiderschrank mit H\u00e4nge- und Ablagem\u00f6glichkeiten<\/li>\n<\/ul>\n<p>Daunendecken und Matratzen sind f\u00fcr Allergikern geeignet.<\/p>\n<p>&#8230; Bettw\u00e4sche ist inklusiv\u00a0 &#8230;<\/p>\n<\/div><\/section><\/div>\n<style type=\"text\/css\" data-created_by=\"avia_inline_auto\" id=\"style-css-av-2h28s-e53f3d256e9b287c5df363444cb5b930\">\n.flex_column.av-2h28s-e53f3d256e9b287c5df363444cb5b930{\nborder-radius:0px 0px 0px 0px;\npadding:0px 0px 0px 0px;\n}\n<\/style>\n<div  class='flex_column av-2h28s-e53f3d256e9b287c5df363444cb5b930 av_one_half  avia-builder-el-8  el_after_av_one_half  avia-builder-el-last  flex_column_div av-zero-column-padding  '     ><section  class='av_textblock_section av-katijits-9229e44128c0f2afa4cc34e9d56ac814 '   itemscope=\"itemscope\" itemtype=\"https:\/\/schema.org\/CreativeWork\" ><div class='avia_textblock'  itemprop=\"text\" ><h4>Badezimmer und separates WC<\/h4>\n<p>&#8230; Handt\u00fccher sind inklusiv &#8230;<\/p>\n<h4>Sonnenterrasse<\/h4>\n<p>&#8230; das Tiny Haus verf\u00fcgt \u00fcber eine eigene Terrasse mit Gartenm\u00f6beln, Sonnenliege und H\u00e4ngematte zum Entspannen<\/p>\n<\/div><\/section><\/div>\n\n<\/div><\/div><\/div><!-- close content main div --><\/div><\/div><div id='av_section_3'  class='avia-section av-29nnk-d5d171ea19a2d29df78d1ac2c5126c29 main_color avia-section-default avia-no-border-styling  avia-builder-el-10  el_after_av_section  avia-builder-el-last  avia-bg-style-scroll container_wrap fullsize'  ><div class='container av-section-cont-open' ><div class='template-page content  av-content-full alpha units'><div class='post-entry post-entry-type-page post-entry-2158'><div class='entry-content-wrapper clearfix'>\n\n<style type=\"text\/css\" data-created_by=\"avia_inline_auto\" id=\"style-css-av-1n7s8-8bd06c3f0ceaabd07b82a6bcdfcec7cf\">\n.flex_column.av-1n7s8-8bd06c3f0ceaabd07b82a6bcdfcec7cf{\nborder-radius:0px 0px 0px 0px;\npadding:0px 0px 0px 0px;\n}\n<\/style>\n<div  class='flex_column av-1n7s8-8bd06c3f0ceaabd07b82a6bcdfcec7cf av_one_half  avia-builder-el-11  el_before_av_one_half  avia-builder-el-first  first flex_column_div av-zero-column-padding  '     ><section  class='av_textblock_section av-kaxuu1cc-ca763bdbd26e2f0cf439e264f396902b '   itemscope=\"itemscope\" itemtype=\"https:\/\/schema.org\/CreativeWork\" ><div class='avia_textblock'  itemprop=\"text\" ><h4>Allgemeines<\/h4>\n<ul>\n<li>Nichtraucherunterkunft<\/li>\n<li>Neuwertiges Tiny Smart Haus<\/li>\n<li>Parkett- bzw. Fliesenb\u00f6den mit Fu\u00dfbodenheizung<\/li>\n<li>Beschattung durch Au\u00dfenjalousien<\/li>\n<li>Smart Home \u2013 Das Tiny Haus ist mit modernster Haustechnik ausgestattet<\/li>\n<li>Ein integriertes Multiroom-Radiosystem \u2013 sogar im Badezimmer-<\/li>\n<\/ul>\n<\/div><\/section><\/div>\n<style type=\"text\/css\" data-created_by=\"avia_inline_auto\" id=\"style-css-av-123tw-1affc0406527eeaa4b4f88298387546d\">\n.flex_column.av-123tw-1affc0406527eeaa4b4f88298387546d{\nborder-radius:0px 0px 0px 0px;\npadding:0px 0px 0px 0px;\n}\n<\/style>\n<div  class='flex_column av-123tw-1affc0406527eeaa4b4f88298387546d av_one_half  avia-builder-el-13  el_after_av_one_half  avia-builder-el-last  flex_column_div av-zero-column-padding  '     ><section  class='av_textblock_section av-kaxuyrmh-584aae01e9b1841c4460c26526396778 '   itemscope=\"itemscope\" itemtype=\"https:\/\/schema.org\/CreativeWork\" ><div class='avia_textblock'  itemprop=\"text\" ><h4>Sonstiges<\/h4>\n<ul>\n<li>Gesprochene Sprachen: Deutsch, Niederl\u00e4ndisch, Englisch und Spanisch<\/li>\n<li>WLAN ist in allen Bereichen kostenlos nutzbar<\/li>\n<li>Private Parkpl\u00e4tze stehen kostenfrei direkt bei der Unterkunft zur Verf\u00fcgung (Reservierung nicht erforderlich)<\/li>\n<li>E-Ladestation<\/li>\n<\/ul>\n<\/div><\/section><\/div>\n","protected":false},"excerpt":{"rendered":"","protected":false},"author":1,"featured_media":0,"parent":0,"menu_order":0,"comment_status":"closed","ping_status":"closed","template":"","meta":{"footnotes":""},"class_list":["post-2158","page","type-page","status-publish","hentry"],"_links":{"self":[{"href":"https:\/\/albuin.at\/de\/wp-json\/wp\/v2\/pages\/2158","targetHints":{"allow":["GET"]}}],"collection":[{"href":"https:\/\/albuin.at\/de\/wp-json\/wp\/v2\/pages"}],"about":[{"href":"https:\/\/albuin.at\/de\/wp-json\/wp\/v2\/types\/page"}],"author":[{"embeddable":true,"href":"https:\/\/albuin.at\/de\/wp-json\/wp\/v2\/users\/1"}],"replies":[{"embeddable":true,"href":"https:\/\/albuin.at\/de\/wp-json\/wp\/v2\/comments?post=2158"}],"version-history":[{"count":0,"href":"https:\/\/albuin.at\/de\/wp-json\/wp\/v2\/pages\/2158\/revisions"}],"wp:attachment":[{"href":"https:\/\/albuin.at\/de\/wp-json\/wp\/v2\/media?parent=2158"}],"curies":[{"name":"wp","href":"https:\/\/api.w.org\/{rel}","templated":true}]}}

<div id='av_section_1'  class='avia-section av-katiac8b-19a095793cba38e0164a206e982035bc main_color avia-section-default avia-no-border-styling  avia-builder-el-0  el_before_av_section  avia-builder-el-first  avia-bg-style-scroll container_wrap fullsize'  ><div class="av-section-color-overlay-wrap"><a href='#next-section' title='' class='scroll-down-link ' aria-hidden='true' data-av_icon='' data-av_iconfont='entypo-fontello'></a><div class='container av-section-cont-open' ><main  role="main" itemprop="mainContentOfPage"  class='template-page content  av-content-full alpha units'><div class='post-entry post-entry-type-page post-entry-2158'><div class='entry-content-wrapper clearfix'>

<style type="text/css" data-created_by="avia_inline_auto" id="style-css-av-5cl68-c8ca9790daf764b8e4594e022cc43aa4">
.flex_column.av-5cl68-c8ca9790daf764b8e4594e022cc43aa4{
border-radius:0px 0px 0px 0px;
padding:0px 0px 0px 0px;
}
</style>
<div  class='flex_column av-5cl68-c8ca9790daf764b8e4594e022cc43aa4 av_one_half  avia-builder-el-1  el_before_av_one_half  avia-builder-el-first  first flex_column_div av-zero-column-padding  '     ><section  class='av_textblock_section av-katihfpm-c106e1d6160aac379e8c1091441dde30 '   itemscope="itemscope" itemtype="https://schema.org/CreativeWork" ><div class='avia_textblock'  itemprop="text" ><div id="mjs-object_1418" class="mjs-object mjs-object-htmlText">
<div class="mjs-object-content">
<h4>Wohnzimmer / Galerie mit Bettschrank</h4>
</div>
</div>
<div id="mjs-object_1419" class="mjs-object mjs-object-htmlText">
<div class="mjs-object-content">
<p>&#8230;  mit gemütlicher Sitzgelegenheit, Flat-Satelliten-TV, Elektrokamin &#8230;</p>
<p>ausklappbarer Bettschrank mit Doppelbett (160 x 200) &#8211; Federkernmatratze</p>
</div>
</div>
</div></section></div>
<style type="text/css" data-created_by="avia_inline_auto" id="style-css-av-1kec-e6809a8f1896231939f6446b0557302f">
.flex_column.av-1kec-e6809a8f1896231939f6446b0557302f{
border-radius:0px 0px 0px 0px;
padding:0px 0px 0px 0px;
}
</style>
<div  class='flex_column av-1kec-e6809a8f1896231939f6446b0557302f av_one_half  avia-builder-el-3  el_after_av_one_half  avia-builder-el-last  flex_column_div av-zero-column-padding  '     ><section  class='av_textblock_section av-katidjox-cb278e5a7a329982a8a0b8175b6f0b2f '   itemscope="itemscope" itemtype="https://schema.org/CreativeWork" ><div class='avia_textblock'  itemprop="text" ><div id="mjs-object_1463" class="mjs-object mjs-object-htmlText">
<div class="mjs-object-content">
<h4>Küche / Esszimmer</h4>
</div>
</div>
<div id="mjs-object_1464" class="mjs-object mjs-object-htmlText">
<div class="mjs-object-content">
<p>&#8230; komplett ausgestattet &#8230;</p>
<p>Quooker mit Sprudel und Kochendes Wasser, Bora Pure Kochfeld, Siemens Backofen mit Mikrowelle, Kühlschrank mit Gefrierfach, Geschirrspüler,  Espresso-Kaffeemaschine (geeignet für Bohnen) &#8211; schon gefüllt mit Bohnen, damit der erste Kaffee sofort zubereitet werden kann, Milchaufschäumer, Toaster, Geschirrtücher und Geschirrspülmittel vorhanden</p>
</div>
</div>
</div></section></div>

</div></div></main><!-- close content main element --></div></div></div><div id='av_section_2'  class='avia-section av-ermo-ca99b2ce455729cca6ec9af5059543bb main_color avia-section-default avia-no-border-styling  avia-builder-el-5  el_after_av_section  el_before_av_section  avia-bg-style-scroll container_wrap fullsize'  ><div class='container av-section-cont-open' ><div class='template-page content  av-content-full alpha units'><div class='post-entry post-entry-type-page post-entry-2158'><div class='entry-content-wrapper clearfix'>

<style type="text/css" data-created_by="avia_inline_auto" id="style-css-av-3bclk-fcc380916a0b8a84409b502a9b13ea28">
.flex_column.av-3bclk-fcc380916a0b8a84409b502a9b13ea28{
border-radius:0px 0px 0px 0px;
padding:0px 0px 0px 0px;
}
</style>
<div  class='flex_column av-3bclk-fcc380916a0b8a84409b502a9b13ea28 av_one_half  avia-builder-el-6  el_before_av_one_half  avia-builder-el-first  first flex_column_div av-zero-column-padding  '     ><section  class='av_textblock_section av-kaxv1wys-46325fa9817d80429ae73955775f6597 '   itemscope="itemscope" itemtype="https://schema.org/CreativeWork" ><div class='avia_textblock'  itemprop="text" ><h4>Schlafzimmer</h4>
<ul>
<li>Schlafzimmer mit 180&#215;200 cm Doppelbett (Hinweis: Fußende offen) &#8211; 2 Federkernmatratzen.</li>
<li>geräumiger Kleiderschrank mit Hänge- und Ablagemöglichkeiten</li>
</ul>
<p>Daunendecken und Matratzen sind für Allergikern geeignet.</p>
<p>&#8230; Bettwäsche ist inklusiv  &#8230;</p>
</div></section></div>
<style type="text/css" data-created_by="avia_inline_auto" id="style-css-av-2h28s-e53f3d256e9b287c5df363444cb5b930">
.flex_column.av-2h28s-e53f3d256e9b287c5df363444cb5b930{
border-radius:0px 0px 0px 0px;
padding:0px 0px 0px 0px;
}
</style>
<div  class='flex_column av-2h28s-e53f3d256e9b287c5df363444cb5b930 av_one_half  avia-builder-el-8  el_after_av_one_half  avia-builder-el-last  flex_column_div av-zero-column-padding  '     ><section  class='av_textblock_section av-katijits-9229e44128c0f2afa4cc34e9d56ac814 '   itemscope="itemscope" itemtype="https://schema.org/CreativeWork" ><div class='avia_textblock'  itemprop="text" ><h4>Badezimmer und separates WC</h4>
<p>&#8230; Handtücher sind inklusiv &#8230;</p>
<h4>Sonnenterrasse</h4>
<p>&#8230; das Tiny Haus verfügt über eine eigene Terrasse mit Gartenmöbeln, Sonnenliege und Hängematte zum Entspannen</p>
</div></section></div>

</div></div></div><!-- close content main div --></div></div><div id='av_section_3'  class='avia-section av-29nnk-d5d171ea19a2d29df78d1ac2c5126c29 main_color avia-section-default avia-no-border-styling  avia-builder-el-10  el_after_av_section  avia-builder-el-last  avia-bg-style-scroll container_wrap fullsize'  ><div class='container av-section-cont-open' ><div class='template-page content  av-content-full alpha units'><div class='post-entry post-entry-type-page post-entry-2158'><div class='entry-content-wrapper clearfix'>

<style type="text/css" data-created_by="avia_inline_auto" id="style-css-av-1n7s8-8bd06c3f0ceaabd07b82a6bcdfcec7cf">
.flex_column.av-1n7s8-8bd06c3f0ceaabd07b82a6bcdfcec7cf{
border-radius:0px 0px 0px 0px;
padding:0px 0px 0px 0px;
}
</style>
<div  class='flex_column av-1n7s8-8bd06c3f0ceaabd07b82a6bcdfcec7cf av_one_half  avia-builder-el-11  el_before_av_one_half  avia-builder-el-first  first flex_column_div av-zero-column-padding  '     ><section  class='av_textblock_section av-kaxuu1cc-ca763bdbd26e2f0cf439e264f396902b '   itemscope="itemscope" itemtype="https://schema.org/CreativeWork" ><div class='avia_textblock'  itemprop="text" ><h4>Allgemeines</h4>
<ul>
<li>Nichtraucherunterkunft</li>
<li>Neuwertiges Tiny Smart Haus</li>
<li>Parkett- bzw. Fliesenböden mit Fußbodenheizung</li>
<li>Beschattung durch Außenjalousien</li>
<li>Smart Home – Das Tiny Haus ist mit modernster Haustechnik ausgestattet</li>
<li>Ein integriertes Multiroom-Radiosystem – sogar im Badezimmer-</li>
</ul>
</div></section></div>
<style type="text/css" data-created_by="avia_inline_auto" id="style-css-av-123tw-1affc0406527eeaa4b4f88298387546d">
.flex_column.av-123tw-1affc0406527eeaa4b4f88298387546d{
border-radius:0px 0px 0px 0px;
padding:0px 0px 0px 0px;
}
</style>
<div  class='flex_column av-123tw-1affc0406527eeaa4b4f88298387546d av_one_half  avia-builder-el-13  el_after_av_one_half  avia-builder-el-last  flex_column_div av-zero-column-padding  '     ><section  class='av_textblock_section av-kaxuyrmh-584aae01e9b1841c4460c26526396778 '   itemscope="itemscope" itemtype="https://schema.org/CreativeWork" ><div class='avia_textblock'  itemprop="text" ><h4>Sonstiges</h4>
<ul>
<li>Gesprochene Sprachen: Deutsch, Niederländisch, Englisch und Spanisch</li>
<li>WLAN ist in allen Bereichen kostenlos nutzbar</li>
<li>Private Parkplätze stehen kostenfrei direkt bei der Unterkunft zur Verfügung (Reservierung nicht erforderlich)</li>
<li>E-Ladestation</li>
</ul>
</div></section></div>
